Let a be (-1692)/42 - (-2)/7. Let t = a + 68. Is t a multiple of 19?
False
Suppose 6 + 1 = o. Suppose -u - o = x - 5*u, 7 = x + 3*u. Let q = x - -2. Does 2 divide q?
False
Suppose -u - 22 = -3*u. Let f(t) = -t**3 + 10*t**2 + 17*t - 6. Is f(u) a multiple of 18?
False
Let t = 63 + -42. Is 19 a factor of t?
False
Let z be (-620)/(-6) + 2/(-6). Let x = -68 + z. Is 18 a factor of x?
False
Suppose 0 = 5*u + 3*r - 250, 3*u - 7 = -r + 139. Suppose 0 = l - p - 2*p - 6, 2*p = -5*l + u. Does 5 divide l?
False
Suppose -5*t = -598 - 237. Is 17 a factor of t?
False
Let w = 28 - 19. Let m(p) = -p**3 + 8 - p + 4 + 0*p**3 + 9*p**2. Is m(w) a multiple of 3?
True
Let o(a) = 14*a**2 + 4*a + 3. Let y be o(-2). Let c = 26 - -59. Let z = c - y. Is z a multiple of 18?
False
Let f(n) = n + 9. Suppose 5*o - 161 = 3*c, 5*o - 82 - 65 = -4*c. Suppose v = 5*p + o, 1 = v + 5. Is f(p) even?
True
Suppose 4*l - 3*l - 4 = 0, 4*x = 3*l - 24. Let o = x - -5. Suppose -4*b + o*b = z - 17, -b + 22 = 2*z. Does 3 divide z?
True
Let q(d) = -d**2 - 7*d - 5. Let s(k) = -k**2 + 7*k - 4. Let w be s(6). Let p = -2 - w. Is 4 a factor of q(p)?
False
Is 2*(3 - (-15)/(-6)) - -45 a multiple of 18?
False
Let s(m) = 4*m - 3. Let w(v) = 5*v - 4. Let j(n) = -5*s(n) + 6*w(n). Let g be j(6). Suppose 5*b = 2*b + g. Is 10 a factor of b?
False
Suppose 4 = 4*z - 4, 5*j = 4*z - 38. Let n be 71/2 + 9/j. Is (n - (0 - -3)) + 1 a multiple of 17?
False
Let n be (-2)/(-10) - (-120)/25. Suppose 3*a + 4*d - 16 = -0*a, n*a + 2*d - 8 = 0. Is 5 a factor of (-1 + a)/((-1)/9)?
False
Suppose -2*c - 20 + 62 = 0. Let s = c + 13. Is s a multiple of 17?
True
Suppose 3*q = 3*p - 39, -4*q = 3*p - 9*q - 47. Suppose 5*x = 11 + p. Suppose -5*y + 220 = -2*n, -x*y - n + 121 = -y. Does 23 divide y?
False
Let n(g) = 6*g - 2. Suppose 2*i + 14 = 2*j, -1 + 6 = j - 2*i. Let o = j + -5. Is 11 a factor of n(o)?
True
Let n be ((-8)/(-10))/(2/15). Let u = n - 7. Is (2 + -1)*13 - u a multiple of 7?
True
Let p = 27 - 7. Let s = p - 46. Let i = s - -43. Does 9 divide i?
False
Suppose 2*p + 3*d = 142, -76 = -p + d - 5*d. Is p a multiple of 17?
True
Let p = 9 + -3. Suppose -2*g = -p - 4. Let m = g + 4. Is 9 a factor of m?
True
Suppose 0 = 5*v + 2631 - 501. Does 17 divide v/(-24) - 6/8?
True
Let p be 1 + -3*4/(-6). Suppose p*w = 3*s + s - 28, -5*s + 5*w = -35. Suppose s = 2*k - 1. Does 2 divide k?
True
Let s(n) = n + 10. Let k be s(-8). Is 2 a factor of (-51)/(-6) + 1/k?
False
Let c be ((-3)/(-2))/((-12)/736). Let p = -65 - c. Does 9 divide p?
True
Suppose -2*g - 3*v = -11, g + 17 = 3*g - 3*v. Is g a multiple of 7?
True
Let y be ((-3)/(-2))/(1/8). Does 18 divide (y/(-9) - -3)*15?
False
Suppose f = 5*j - 21, -5*f = 2*j - f - 26. Is 2 a factor of j?
False
Let t(u) = -u**3 - u + 7. Is t(0) a multiple of 5?
False
Suppose g - 3*z + 3 = 0, -3*g + g = 3*z - 21. Does 8 divide (34/(-2))/((-6)/g)?
False
Suppose v = 5, 3*s - 9 = 4*v - 29. Suppose x - 12 - 57 = -4*t, s = -5*t + 5*x + 55. Is 5 a factor of t?
False
Suppose -5*l + 224 = -141. Is 21 a factor of l?
False
Suppose -t + 2*o + 29 = -2*o, 3*t + 5*o = 155. Let u = 24 + t. Does 18 divide u?
False
Let j = -92 + 326. Is j a multiple of 26?
True
Suppose 0 = 6*m - 3*m - 36. Is (m - 9)/((-6)/(-148)) a multiple of 24?
False
Let m(d) be the first derivative of -d**2/2 + 8*d + 2. Let p be m(7). Suppose -h + 3*z - p = 0, 0 = 2*h + 3*h - 3*z - 31. Is 4 a factor of h?
True
Suppose -3*h - 33 = -4*h. Suppose w - h = -2*w. Let j = w - -1. Is 12 a factor of j?
True
Let r(o) = -4*o**2 + 70*o + 23. Does 7 divide r(17)?
False
Let y(r) = r**2 + 9*r + 8. Does 10 divide y(-12)?
False
Let y be (2/(-5))/(2/(-20)). Suppose -3 = -y*c + c. Is 3 a factor of 2 - c - 3/(-1)?
False
Let k = 90 + -63. Let u(d) = d**2 - 2*d. Let r be u(2). Suppose 3*f + 2*t + t - k = r, 0 = f - t - 9. Does 7 divide f?
False
Let x(b) = -3 - 5*b**2 + 0*b + 4*b + b**3 + 0. Let n be (-2 - -1*7)/1. Is x(n) a multiple of 12?
False
Is 57*1 - (19 + -19) a multiple of 27?
False
Suppose 2*r - 15 = -3*r. Suppose -s + 92 = r*s. Does 10 divide s?
False
Let i(m) = -m**3 - 2*m**2 - m. Let c be i(-3). Suppose -172 = -4*f - f + 2*j, -3*f + 101 = j. Let r = f - c. Is 11 a factor of r?
True
Suppose 12 = 3*o - o - 2*q, -3*q - 21 = -4*o. Suppose -5*x = o*n - 48, 5*x - 2*n - 58 = 10. Does 6 divide x?
True
Let d(u) = u**3 - 5*u**2 + 3*u - 6. Suppose -2*k + 15 = 5*l - 5*k, 0 = l + 2*k - 3. Let f = l - -2. Does 4 divide d(f)?
False
Let s(a) be the third derivative of -a**6/6 - a**5/30 - a**4/24 - 6*a**2. Does 9 divide s(-1)?
False
Is 9 a factor of (-2)/9 + 3620/90?
False
Suppose 3*j - 2*j = -14. Let u = j - -28. Does 14 divide u?
True
Let q be 1*9 - 2/(-2). Let r be (1 - 14/(-4))*q. Suppose 133 - r = 2*c. Is 22 a factor of c?
True
Let b(f) = 2*f**2 + 11*f + 2. Let r(u) = 2*u**2 + 10*u + 2. Let q(a) = 4*b(a) - 5*r(a). Let m(w) be the first derivative of q(w). Does 9 divide m(-6)?
True
Suppose -5*k - 38 = h, 4*k - 3*h = -10 - 28. Is 7 a factor of ((-38)/k)/((-2)/(-8))?
False
Let l be 1*(-3 + 3 + 0). Suppose -2*a + 14 = -l*a. Is 7 a factor of a?
True
Let u(k) = -k**3 - 6*k**2 - 2*k + 3. Let i be u(-5). Let y(o) = o**2 + 9*o + 15. Is 17 a factor of y(i)?
True
Let a = 95 - 57. Is a a multiple of 12?
False
Suppose 0*u = 4*u + 2*b - 692, 2*b + 505 = 3*u. Is 2/(-8) - u/(-12) a multiple of 11?
False
Let p be 2/(-8) + (-34)/(-8). Suppose 2*j = p*j. Suppose 3*q - 34 - 2 = j. Is 4 a factor of q?
True
Let b be 6/(-9) + (-20)/(-3). Suppose s - b*s = -50. Does 3 divide 88/s + (-1)/(-5)?
True
Suppose y = -3, 2*y = 5*c + 3*y - 197. Is 8 a factor of c?
True
Let a(p) = -2*p - 9. Let c be 1/(-3) - (-7)/3. Suppose 5*s - c*s = -24. Is a(s) a multiple of 7?
True
Suppose -5*m + 2*f + 15 = 0, 4*f - 2*f = -4*m + 12. Suppose 0 = o - m*o + 62. Suppose -2*b = -p - o, b + 2 - 10 = -p. Is 11 a factor of b?
False
Does 23 divide (-6)/51 + (-4296)/(-102)?
False
Let r = 876 + -493. Is 26 a factor of r?
False
Suppose 0 = -7*u + 72 + 12. Is 4 a factor of u?
True
Let u(n) = 2*n**2 + n - 2. Let a be 3/(-15) - 27/15. Is 4 a factor of u(a)?
True
Let p = -62 - -123. Does 18 divide p?
False
Let a(b) = 4*b. Let y be a(1). Suppose y*p - 77 = -5. Is 6 a factor of (p/21)/((-1)/(-7))?
True
Let s(v) = -9*v - 1. Suppose -3*d - d = 28. Is s(d) a multiple of 19?
False
Suppose 20 = -2*t - 2*t, 0 = -3*p - 2*t + 5. Suppose 7*u + 88 = 4*f + 4*u, 0 = -3*f - p*u + 37. Does 6 divide f?
False
Let f(t) = 47*t - 5. Is f(2) a multiple of 37?
False
Let l = 6 + -8. Let z = l - -3. Is 12 a factor of (-3 + 3)*z + 29?
False
Is 15 a factor of (3 + 0 - 1) + 63?
False
Suppose -2*x - 1608 = -0*x. Is 6/15 - x/15 a multiple of 27?
True
Suppose 163 = 4*y + 39. Let b = y - 19. Is 5 a factor of b?
False
Suppose 3*v + 2*r - 3 = 0, -4*r + 0 = -2*v - 14. Let z = 6 + -10. Is (v - 0)*z*2 a multiple of 8?
True
Let h(d) = -d**3 + 2*d**2 - 2*d + 3. Let z be h(2). Let c = -1 - z. Suppose v + 4*v - 140 = c. Is 16 a factor of v?
False
Suppose -g = 13 - 21. Is 6 a factor of g?
False
Let g = -30 + 44. Is g a multiple of 3?
False
Suppose 2*q = -4*y - 12, -3*y = -3*q - q - 2. Let o(f) = -f**2 - 2*f - 2. Let g be o(y). Let z(d) = 9*d**2 + d + 2. Is 13 a factor of z(g)?
False
Let c(l) = -l**2 - 2*l + 4. Let z be 0 + 2 - 12/2. Let q be c(z). Is 3 a factor of (q + 1)*1*-1?
True
Suppose 16 = 4*p - 40. Is p a multiple of 7?
True
Let g be 18/3*14/4. Suppose g = 2*f - 45. Is f a multiple of 11?
True
Let q(c) = c**3 + 6*c**2 - 3*c + 4. Suppose 0 = x + 3*p + 15, 0*x - 2*p - 36 = 5*x. Let m be q(x). Suppose 3*u - m = u. Does 11 divide u?
True
Let m(s) = -s**2 + 5*s - 2. Let v = 7 - 3. Let i be m(v). Suppose i*u - 14 = 18. Is 5 a factor of u?
False
Suppose 5*j + 478 = 4*y, -j + 5 - 3 = 0. Suppose 3*x + z - 110 = -12, 0 = 3*x - 5*z - y. Does 6 divide x?
False
Let z be (-1)/(1/(18/2)). Let c be (20/12)/((-1)/z). Suppose 0 = 6*y - y + 5*f - c, 23 = 5*y - 3*f. Is y a multiple of 4?
True
Let j be (0/(-2 + 4))/(-2). Suppose -2*v - v - 36 = j. Let w = -8 - v. Is 3 a factor of w?
False
Let h be ((-5)/((-10)/(-8)))/(-1). Suppose -3*a + 3*n = -34 - 8, n - 71 = -h*a. Does 4 divide a?
False
Let n(f) = 5*f**3 - f**2 - 3. Let j be n(3). Suppose -3*b + 3*w - 2*w + 97 = 0, 0 = -4*b - 5*w + j. Does 14 divide b?
False
Let f(s) = s**2 + 9*s + 4. Let t be f(-9). Suppose -3*y + 30 = -4*v, -42 =